{"id":3071,"date":"2021-12-13T10:10:59","date_gmt":"2021-12-13T10:10:59","guid":{"rendered":"http:\/\/origin-marine.com\/wordpress\/?page_id=3071"},"modified":"2021-12-25T16:49:14","modified_gmt":"2021-12-25T16:49:14","slug":"fusion","status":"publish","type":"page","link":"https:\/\/origin-marine.com\/index.php\/fusion","title":{"rendered":"Fusion"},"content":{"rendered":"\t\t<div data-elementor-type=\"wp-page\" data-elementor-id=\"3071\" class=\"elementor elementor-3071\" data-elementor-post-type=\"page\">\n\t\t\t\t\t\t<section class=\"elementor-section elementor-top-section elementor-element elementor-element-58a1dd96 elementor-section-full_width elementor-section-height-min-height elementor-section-items-stretch elementor-section-height-default\" data-id=\"58a1dd96\" data-element_type=\"section\" data-e-type=\"section\">\n\t\t\t\t\t\t<div class=\"elementor-container elementor-column-gap-default\">\n\t\t\t\t\t<div class=\"elementor-column elementor-col-50 elementor-top-column elementor-element elementor-element-7b6fee0e\" data-id=\"7b6fee0e\" data-element_type=\"column\" data-e-type=\"column\">\n\t\t\t<div class=\"elementor-widget-wrap elementor-element-populated\">\n\t\t\t\t\t\t<div class=\"elementor-element elementor-element-99c4c33 elementor-widget__width-auto elementor-widget elementor-widget-image\" data-id=\"99c4c33\" data-element_type=\"widget\" data-e-type=\"widget\" data-widget_type=\"image.default\">\n\t\t\t\t<div class=\"elementor-widget-container\">\n\t\t\t\t\t\t\t\t\t\t\t\t\t\t\t<img fetchpriority=\"high\" decoding=\"async\" width=\"3000\" height=\"600\" src=\"https:\/\/origin-marine.com\/wp-content\/uploads\/2021\/09\/10.png\" class=\"attachment-full size-full wp-image-191\" alt=\"\" srcset=\"https:\/\/origin-marine.com\/wp-content\/uploads\/2021\/09\/10.png 3000w, https:\/\/origin-marine.com\/wp-content\/uploads\/2021\/09\/10-300x60.png 300w, https:\/\/origin-marine.com\/wp-content\/uploads\/2021\/09\/10-1024x205.png 1024w, https:\/\/origin-marine.com\/wp-content\/uploads\/2021\/09\/10-768x154.png 768w, https:\/\/origin-marine.com\/wp-content\/uploads\/2021\/09\/10-1536x307.png 1536w, https:\/\/origin-marine.com\/wp-content\/uploads\/2021\/09\/10-2048x410.png 2048w, https:\/\/origin-marine.com\/wp-content\/uploads\/2021\/09\/10-1200x240.png 1200w, https:\/\/origin-marine.com\/wp-content\/uploads\/2021\/09\/10-1980x396.png 1980w\" sizes=\"(max-width: 3000px) 100vw, 3000px\" \/>\t\t\t\t\t\t\t\t\t\t\t\t\t\t\t<\/div>\n\t\t\t\t<\/div>\n\t\t\t\t\t<\/div>\n\t\t<\/div>\n\t\t\t\t<div class=\"elementor-column elementor-col-50 elementor-top-column elementor-element elementor-element-687a1caa\" data-id=\"687a1caa\" data-element_type=\"column\" data-e-type=\"column\">\n\t\t\t<div class=\"elementor-widget-wrap elementor-element-populated\">\n\t\t\t\t\t\t<div class=\"elementor-element elementor-element-633c03cf elementor-widget elementor-widget-heading\" data-id=\"633c03cf\" data-element_type=\"widget\" data-e-type=\"widget\" data-widget_type=\"heading.default\">\n\t\t\t\t<div class=\"elementor-widget-container\">\n\t\t\t\t\t<h1 class=\"elementor-heading-title elementor-size-default\">Distribuidor oficial de FUSION<\/h1>\t\t\t\t<\/div>\n\t\t\t\t<\/div>\n\t\t\t\t\t<\/div>\n\t\t<\/div>\n\t\t\t\t\t<\/div>\n\t\t<\/section>\n\t\t\t\t<section class=\"elementor-section elementor-top-section elementor-element elementor-element-39018011 elementor-section-full_width elementor-section-height-min-height elementor-section-items-stretch elementor-section-height-default\" data-id=\"39018011\" data-element_type=\"section\" data-e-type=\"section\">\n\t\t\t\t\t\t<div class=\"elementor-container elementor-column-gap-default\">\n\t\t\t\t\t<div class=\"elementor-column elementor-col-50 elementor-top-column elementor-element elementor-element-890a4de\" data-id=\"890a4de\" data-element_type=\"column\" data-e-type=\"column\">\n\t\t\t<div class=\"elementor-widget-wrap elementor-element-populated\">\n\t\t\t\t\t\t<div class=\"elementor-element elementor-element-6c110e54 elementor-widget elementor-widget-image\" data-id=\"6c110e54\" data-element_type=\"widget\" data-e-type=\"widget\" data-widget_type=\"image.default\">\n\t\t\t\t<div class=\"elementor-widget-container\">\n\t\t\t\t\t\t\t\t\t\t\t\t\t\t\t<img decoding=\"async\" width=\"918\" height=\"309\" data-src=\"https:\/\/origin-marine.com\/wp-content\/uploads\/2021\/12\/Diseno-sin-titulo-10.png\" class=\"attachment-large size-large wp-image-3897 lazyload\" alt=\"\" data-srcset=\"https:\/\/origin-marine.com\/wp-content\/uploads\/2021\/12\/Diseno-sin-titulo-10.png 918w, https:\/\/origin-marine.com\/wp-content\/uploads\/2021\/12\/Diseno-sin-titulo-10-300x101.png 300w, https:\/\/origin-marine.com\/wp-content\/uploads\/2021\/12\/Diseno-sin-titulo-10-768x259.png 768w, https:\/\/origin-marine.com\/wp-content\/uploads\/2021\/12\/Diseno-sin-titulo-10-178x60.png 178w\" data-sizes=\"(max-width: 918px) 100vw, 918px\" src=\"data:image\/svg+xml;base64,PHN2ZyB3aWR0aD0iMSIgaGVpZ2h0PSIxIiB4bWxucz0iaHR0cDovL3d3dy53My5vcmcvMjAwMC9zdmciPjwvc3ZnPg==\" style=\"--smush-placeholder-width: 918px; --smush-placeholder-aspect-ratio: 918\/309;\" \/>\t\t\t\t\t\t\t\t\t\t\t\t\t\t\t<\/div>\n\t\t\t\t<\/div>\n\t\t\t\t\t<\/div>\n\t\t<\/div>\n\t\t\t\t<div class=\"elementor-column elementor-col-50 elementor-top-column elementor-element elementor-element-33fb8fc6\" data-id=\"33fb8fc6\" data-element_type=\"column\" data-e-type=\"column\">\n\t\t\t<div class=\"elementor-widget-wrap elementor-element-populated\">\n\t\t\t\t\t\t<div class=\"elementor-element elementor-element-4f88d5 elementor-widget__width-initial elementor-widget elementor-widget-text-editor\" data-id=\"4f88d5\" data-element_type=\"widget\" data-e-type=\"widget\" data-widget_type=\"text-editor.default\">\n\t\t\t\t<div class=\"elementor-widget-container\">\n\t\t\t\t\t\t\t\t\t<p><strong>FUSION<\/strong> es la marca de audio en la que conf\u00edan los constructores de barcos m\u00e1s prestigiosos del sector y que cuenta con el apoyo de los principales fabricantes de electr\u00f3nica marina del mundo.<\/p><p>La tecnolog\u00eda de <strong>FUSION<\/strong> est\u00e1 adaptada a las situaciones mar\u00edtimas. No se arrepentir\u00e1 de haber adquirido su equipo.<\/p><p>Dise\u00f1ado para ofrecer una experiencia de audio de calidad en su barco a un precio asequible.<\/p>\t\t\t\t\t\t\t\t<\/div>\n\t\t\t\t<\/div>\n\t\t\t\t\t<\/div>\n\t\t<\/div>\n\t\t\t\t\t<\/div>\n\t\t<\/section>\n\t\t\t\t<section class=\"elementor-section elementor-top-section elementor-element elementor-element-4e782019 elementor-section-full_width elementor-section-height-default elementor-section-height-default\" data-id=\"4e782019\" data-element_type=\"section\" data-e-type=\"section\">\n\t\t\t\t\t\t<div class=\"elementor-container elementor-column-gap-default\">\n\t\t\t\t\t<div class=\"elementor-column elementor-col-33 elementor-top-column elementor-element elementor-element-6e0230af\" data-id=\"6e0230af\" data-element_type=\"column\" data-e-type=\"column\">\n\t\t\t<div class=\"elementor-widget-wrap elementor-element-populated\">\n\t\t\t\t\t\t<div class=\"elementor-element elementor-element-8e2deb3 elementor-widget elementor-widget-image\" data-id=\"8e2deb3\" data-element_type=\"widget\" data-e-type=\"widget\" data-widget_type=\"image.default\">\n\t\t\t\t<div class=\"elementor-widget-container\">\n\t\t\t\t\t\t\t\t\t\t\t\t\t\t\t<img decoding=\"async\" width=\"460\" height=\"460\" data-src=\"https:\/\/origin-marine.com\/wp-content\/uploads\/2021\/11\/Diseno-sin-titulo-7.png\" class=\"elementor-animation-grow attachment-large size-large wp-image-2598 lazyload\" alt=\"\" data-srcset=\"https:\/\/origin-marine.com\/wp-content\/uploads\/2021\/11\/Diseno-sin-titulo-7.png 460w, https:\/\/origin-marine.com\/wp-content\/uploads\/2021\/11\/Diseno-sin-titulo-7-300x300.png 300w, https:\/\/origin-marine.com\/wp-content\/uploads\/2021\/11\/Diseno-sin-titulo-7-150x150.png 150w, https:\/\/origin-marine.com\/wp-content\/uploads\/2021\/11\/Diseno-sin-titulo-7-60x60.png 60w\" data-sizes=\"(max-width: 460px) 100vw, 460px\" src=\"data:image\/svg+xml;base64,PHN2ZyB3aWR0aD0iMSIgaGVpZ2h0PSIxIiB4bWxucz0iaHR0cDovL3d3dy53My5vcmcvMjAwMC9zdmciPjwvc3ZnPg==\" style=\"--smush-placeholder-width: 460px; --smush-placeholder-aspect-ratio: 460\/460;\" \/>\t\t\t\t\t\t\t\t\t\t\t\t\t\t\t<\/div>\n\t\t\t\t<\/div>\n\t\t\t\t\t<\/div>\n\t\t<\/div>\n\t\t\t\t<div class=\"elementor-column elementor-col-33 elementor-top-column elementor-element elementor-element-43fbed0d\" data-id=\"43fbed0d\" data-element_type=\"column\" data-e-type=\"column\">\n\t\t\t<div class=\"elementor-widget-wrap elementor-element-populated\">\n\t\t\t\t\t\t<div class=\"elementor-element elementor-element-44359251 elementor-widget elementor-widget-image\" data-id=\"44359251\" data-element_type=\"widget\" data-e-type=\"widget\" data-widget_type=\"image.default\">\n\t\t\t\t<div class=\"elementor-widget-container\">\n\t\t\t\t\t\t\t\t\t\t\t\t\t\t\t<img decoding=\"async\" width=\"460\" height=\"460\" data-src=\"https:\/\/origin-marine.com\/wp-content\/uploads\/2021\/11\/3-5.png\" class=\"elementor-animation-grow attachment-large size-large wp-image-2600 lazyload\" alt=\"\" data-srcset=\"https:\/\/origin-marine.com\/wp-content\/uploads\/2021\/11\/3-5.png 460w, https:\/\/origin-marine.com\/wp-content\/uploads\/2021\/11\/3-5-300x300.png 300w, https:\/\/origin-marine.com\/wp-content\/uploads\/2021\/11\/3-5-150x150.png 150w, https:\/\/origin-marine.com\/wp-content\/uploads\/2021\/11\/3-5-60x60.png 60w\" data-sizes=\"(max-width: 460px) 100vw, 460px\" src=\"data:image\/svg+xml;base64,PHN2ZyB3aWR0aD0iMSIgaGVpZ2h0PSIxIiB4bWxucz0iaHR0cDovL3d3dy53My5vcmcvMjAwMC9zdmciPjwvc3ZnPg==\" style=\"--smush-placeholder-width: 460px; --smush-placeholder-aspect-ratio: 460\/460;\" \/>\t\t\t\t\t\t\t\t\t\t\t\t\t\t\t<\/div>\n\t\t\t\t<\/div>\n\t\t\t\t\t<\/div>\n\t\t<\/div>\n\t\t\t\t<div class=\"elementor-column elementor-col-33 elementor-top-column elementor-element elementor-element-da37def\" data-id=\"da37def\" data-element_type=\"column\" data-e-type=\"column\">\n\t\t\t<div class=\"elementor-widget-wrap elementor-element-populated\">\n\t\t\t\t\t\t<div class=\"elementor-element elementor-element-21d81d74 elementor-widget elementor-widget-image\" data-id=\"21d81d74\" data-element_type=\"widget\" data-e-type=\"widget\" data-widget_type=\"image.default\">\n\t\t\t\t<div class=\"elementor-widget-container\">\n\t\t\t\t\t\t\t\t\t\t\t\t\t\t\t<img decoding=\"async\" width=\"460\" height=\"460\" data-src=\"https:\/\/origin-marine.com\/wp-content\/uploads\/2021\/11\/2-5.png\" class=\"elementor-animation-grow attachment-large size-large wp-image-2599 lazyload\" alt=\"\" data-srcset=\"https:\/\/origin-marine.com\/wp-content\/uploads\/2021\/11\/2-5.png 460w, https:\/\/origin-marine.com\/wp-content\/uploads\/2021\/11\/2-5-300x300.png 300w, https:\/\/origin-marine.com\/wp-content\/uploads\/2021\/11\/2-5-150x150.png 150w, https:\/\/origin-marine.com\/wp-content\/uploads\/2021\/11\/2-5-60x60.png 60w\" data-sizes=\"(max-width: 460px) 100vw, 460px\" src=\"data:image\/svg+xml;base64,PHN2ZyB3aWR0aD0iMSIgaGVpZ2h0PSIxIiB4bWxucz0iaHR0cDovL3d3dy53My5vcmcvMjAwMC9zdmciPjwvc3ZnPg==\" style=\"--smush-placeholder-width: 460px; --smush-placeholder-aspect-ratio: 460\/460;\" \/>\t\t\t\t\t\t\t\t\t\t\t\t\t\t\t<\/div>\n\t\t\t\t<\/div>\n\t\t\t\t\t<\/div>\n\t\t<\/div>\n\t\t\t\t\t<\/div>\n\t\t<\/section>\n\t\t\t\t<section class=\"elementor-section elementor-top-section elementor-element elementor-element-a8549a0 elementor-section-full_width elementor-section-height-default elementor-section-height-default\" data-id=\"a8549a0\" data-element_type=\"section\" data-e-type=\"section\" data-settings=\"{&quot;background_background&quot;:&quot;video&quot;,&quot;background_video_link&quot;:&quot;https:\\\/\\\/www.youtube.com\\\/watch?v=p_R0wMsbTn8&amp;ab_channel=FusionEntertainment&quot;,&quot;background_video_start&quot;:10,&quot;background_video_end&quot;:65,&quot;background_play_on_mobile&quot;:&quot;yes&quot;}\">\n\t\t\t\t\t\t\t\t<div class=\"elementor-background-video-container\">\n\t\t\t\t\t\t\t\t\t\t\t\t\t<div class=\"elementor-background-video-embed\" role=\"presentation\"><\/div>\n\t\t\t\t\t\t\t\t\t\t\t\t<\/div>\n\t\t\t\t\t\t\t\t<div class=\"elementor-container elementor-column-gap-default\">\n\t\t\t\t\t<div class=\"elementor-column elementor-col-100 elementor-top-column elementor-element elementor-element-55f89738\" data-id=\"55f89738\" data-element_type=\"column\" data-e-type=\"column\">\n\t\t\t<div class=\"elementor-widget-wrap elementor-element-populated\">\n\t\t\t\t\t\t<div class=\"elementor-element elementor-element-3c9b21e5 elementor-widget elementor-widget-spacer\" data-id=\"3c9b21e5\" data-element_type=\"widget\" data-e-type=\"widget\" data-widget_type=\"spacer.default\">\n\t\t\t\t<div class=\"elementor-widget-container\">\n\t\t\t\t\t\t\t<div class=\"elementor-spacer\">\n\t\t\t<div class=\"elementor-spacer-inner\"><\/div>\n\t\t<\/div>\n\t\t\t\t\t\t<\/div>\n\t\t\t\t<\/div>\n\t\t\t\t\t<\/div>\n\t\t<\/div>\n\t\t\t\t\t<\/div>\n\t\t<\/section>\n\t\t\t\t<section class=\"elementor-section elementor-top-section elementor-element elementor-element-b89a282 elementor-section-boxed elementor-section-height-default elementor-section-height-default\" data-id=\"b89a282\" data-element_type=\"section\" data-e-type=\"section\">\n\t\t\t\t\t\t<div class=\"elementor-container elementor-column-gap-default\">\n\t\t\t\t\t<div class=\"elementor-column elementor-col-100 elementor-top-column elementor-element elementor-element-fe581e7\" data-id=\"fe581e7\" data-element_type=\"column\" data-e-type=\"column\">\n\t\t\t<div class=\"elementor-widget-wrap elementor-element-populated\">\n\t\t\t\t\t\t<div class=\"elementor-element elementor-element-2112977 elementor-widget elementor-widget-spacer\" data-id=\"2112977\" data-element_type=\"widget\" data-e-type=\"widget\" data-widget_type=\"spacer.default\">\n\t\t\t\t<div class=\"elementor-widget-container\">\n\t\t\t\t\t\t\t<div class=\"elementor-spacer\">\n\t\t\t<div class=\"elementor-spacer-inner\"><\/div>\n\t\t<\/div>\n\t\t\t\t\t\t<\/div>\n\t\t\t\t<\/div>\n\t\t\t\t\t<\/div>\n\t\t<\/div>\n\t\t\t\t\t<\/div>\n\t\t<\/section>\n\t\t\t\t<section class=\"elementor-section elementor-top-section elementor-element elementor-element-54ac229a elementor-section-full_width elementor-section-height-default elementor-section-height-default\" data-id=\"54ac229a\" data-element_type=\"section\" data-e-type=\"section\" data-settings=\"{&quot;background_background&quot;:&quot;gradient&quot;}\">\n\t\t\t\t\t\t<div class=\"elementor-container elementor-column-gap-default\">\n\t\t\t\t\t<div class=\"elementor-column elementor-col-50 elementor-top-column elementor-element elementor-element-21a50d7d\" data-id=\"21a50d7d\" data-element_type=\"column\" data-e-type=\"column\">\n\t\t\t<div class=\"elementor-widget-wrap elementor-element-populated\">\n\t\t\t\t\t\t<div class=\"elementor-element elementor-element-7ec37d2c elementor-widget elementor-widget-heading\" data-id=\"7ec37d2c\" data-element_type=\"widget\" data-e-type=\"widget\" data-widget_type=\"heading.default\">\n\t\t\t\t<div class=\"elementor-widget-container\">\n\t\t\t\t\t<h2 class=\"elementor-heading-title elementor-size-default\">Tu tienda n\u00e1utica de confianza<\/h2>\t\t\t\t<\/div>\n\t\t\t\t<\/div>\n\t\t\t\t\t<\/div>\n\t\t<\/div>\n\t\t\t\t<div class=\"elementor-column elementor-col-50 elementor-top-column elementor-element elementor-element-68bae50\" data-id=\"68bae50\" data-element_type=\"column\" data-e-type=\"column\">\n\t\t\t<div class=\"elementor-widget-wrap elementor-element-populated\">\n\t\t\t\t\t\t<div class=\"elementor-element elementor-element-3985725 elementor-align-right elementor-widget elementor-widget-button\" data-id=\"3985725\" data-element_type=\"widget\" data-e-type=\"widget\" data-widget_type=\"button.default\">\n\t\t\t\t<div class=\"elementor-widget-container\">\n\t\t\t\t\t\t\t\t\t<div class=\"elementor-button-wrapper\">\n\t\t\t\t\t<a class=\"elementor-button elementor-button-link elementor-size-md\" href=\"https:\/\/drive.google.com\/file\/d\/1bbP3zzTojmzXtkIOhyjrYpOC2Vhii9RZ\/view\">\n\t\t\t\t\t\t<span class=\"elementor-button-content-wrapper\">\n\t\t\t\t\t\t\t\t\t<span class=\"elementor-button-text\">Descarga el cat\u00e1logo<\/span>\n\t\t\t\t\t<\/span>\n\t\t\t\t\t<\/a>\n\t\t\t\t<\/div>\n\t\t\t\t\t\t\t\t<\/div>\n\t\t\t\t<\/div>\n\t\t\t\t\t<\/div>\n\t\t<\/div>\n\t\t\t\t\t<\/div>\n\t\t<\/section>\n\t\t\t\t<\/div>\n\t\t","protected":false},"excerpt":{"rendered":"<p>Distribuidor oficial de FUSION FUSION es la marca de audio en la que conf\u00edan los constructores de barcos m\u00e1s prestigiosos del sector y que cuenta con el apoyo de los principales fabricantes de electr\u00f3nica marina del mundo. La tecnolog\u00eda de FUSION est\u00e1 adaptada a las situaciones mar\u00edtimas. No se arrepentir\u00e1 de haber adquirido su equipo. &hellip; <\/p>\n","protected":false},"author":2,"featured_media":0,"parent":0,"menu_order":0,"comment_status":"closed","ping_status":"closed","template":"","meta":{"footnotes":""},"class_list":["post-3071","page","type-page","status-publish","hentry"],"yoast_head":"<!-- This site is optimized with the Yoast SEO plugin v27.4 - https:\/\/yoast.com\/product\/yoast-seo-wordpress\/ -->\r\n<title>Fusion - Origin Marine<\/title>\r\n<meta name=\"robots\" content=\"index, follow, max-snippet:-1, max-image-preview:large, max-video-preview:-1\" \/>\r\n<link rel=\"canonical\" href=\"https:\/\/origin-marine.com\/index.php\/fusion\" \/>\r\n<meta property=\"og:locale\" content=\"es_ES\" \/>\r\n<meta property=\"og:type\" content=\"article\" \/>\r\n<meta property=\"og:title\" content=\"Fusion - Origin Marine\" \/>\r\n<meta property=\"og:description\" content=\"Distribuidor oficial de FUSION FUSION es la marca de audio en la que conf\u00edan los constructores de barcos m\u00e1s prestigiosos del sector y que cuenta con el apoyo de los principales fabricantes de electr\u00f3nica marina del mundo. La tecnolog\u00eda de FUSION est\u00e1 adaptada a las situaciones mar\u00edtimas. No se arrepentir\u00e1 de haber adquirido su equipo. &hellip;\" \/>\r\n<meta property=\"og:url\" content=\"https:\/\/origin-marine.com\/index.php\/fusion\" \/>\r\n<meta property=\"og:site_name\" content=\"Origin Marine\" \/>\r\n<meta property=\"article:modified_time\" content=\"2021-12-25T16:49:14+00:00\" \/>\r\n<meta property=\"og:image\" content=\"http:\/\/origin-marine.com\/wordpress\/wp-content\/uploads\/2021\/09\/10.png\" \/>\r\n<meta name=\"twitter:card\" content=\"summary_large_image\" \/>\r\n<script type=\"application\/ld+json\" class=\"yoast-schema-graph\">{\"@context\":\"https:\\\/\\\/schema.org\",\"@graph\":[{\"@type\":\"WebPage\",\"@id\":\"https:\\\/\\\/origin-marine.com\\\/index.php\\\/fusion\",\"url\":\"https:\\\/\\\/origin-marine.com\\\/index.php\\\/fusion\",\"name\":\"Fusion - Origin Marine\",\"isPartOf\":{\"@id\":\"https:\\\/\\\/origin-marine.com\\\/#website\"},\"primaryImageOfPage\":{\"@id\":\"https:\\\/\\\/origin-marine.com\\\/index.php\\\/fusion#primaryimage\"},\"image\":{\"@id\":\"https:\\\/\\\/origin-marine.com\\\/index.php\\\/fusion#primaryimage\"},\"thumbnailUrl\":\"http:\\\/\\\/origin-marine.com\\\/wordpress\\\/wp-content\\\/uploads\\\/2021\\\/09\\\/10.png\",\"datePublished\":\"2021-12-13T10:10:59+00:00\",\"dateModified\":\"2021-12-25T16:49:14+00:00\",\"breadcrumb\":{\"@id\":\"https:\\\/\\\/origin-marine.com\\\/index.php\\\/fusion#breadcrumb\"},\"inLanguage\":\"es\",\"potentialAction\":[{\"@type\":\"ReadAction\",\"target\":[\"https:\\\/\\\/origin-marine.com\\\/index.php\\\/fusion\"]}]},{\"@type\":\"ImageObject\",\"inLanguage\":\"es\",\"@id\":\"https:\\\/\\\/origin-marine.com\\\/index.php\\\/fusion#primaryimage\",\"url\":\"http:\\\/\\\/origin-marine.com\\\/wordpress\\\/wp-content\\\/uploads\\\/2021\\\/09\\\/10.png\",\"contentUrl\":\"http:\\\/\\\/origin-marine.com\\\/wordpress\\\/wp-content\\\/uploads\\\/2021\\\/09\\\/10.png\"},{\"@type\":\"BreadcrumbList\",\"@id\":\"https:\\\/\\\/origin-marine.com\\\/index.php\\\/fusion#breadcrumb\",\"itemListElement\":[{\"@type\":\"ListItem\",\"position\":1,\"name\":\"Portada\",\"item\":\"https:\\\/\\\/origin-marine.com\\\/\"},{\"@type\":\"ListItem\",\"position\":2,\"name\":\"Fusion\"}]},{\"@type\":\"WebSite\",\"@id\":\"https:\\\/\\\/origin-marine.com\\\/#website\",\"url\":\"https:\\\/\\\/origin-marine.com\\\/\",\"name\":\"Origin Marine\",\"description\":\"Tienda de suministros marinos\",\"publisher\":{\"@id\":\"https:\\\/\\\/origin-marine.com\\\/#organization\"},\"potentialAction\":[{\"@type\":\"SearchAction\",\"target\":{\"@type\":\"EntryPoint\",\"urlTemplate\":\"https:\\\/\\\/origin-marine.com\\\/?s={search_term_string}\"},\"query-input\":{\"@type\":\"PropertyValueSpecification\",\"valueRequired\":true,\"valueName\":\"search_term_string\"}}],\"inLanguage\":\"es\"},{\"@type\":\"Organization\",\"@id\":\"https:\\\/\\\/origin-marine.com\\\/#organization\",\"name\":\"Origin Marine\",\"url\":\"https:\\\/\\\/origin-marine.com\\\/\",\"logo\":{\"@type\":\"ImageObject\",\"inLanguage\":\"es\",\"@id\":\"https:\\\/\\\/origin-marine.com\\\/#\\\/schema\\\/logo\\\/image\\\/\",\"url\":\"https:\\\/\\\/origin-marine.com\\\/wp-content\\\/uploads\\\/2021\\\/11\\\/Origin-Marine-Logo-1920-x-300-px-3.png\",\"contentUrl\":\"https:\\\/\\\/origin-marine.com\\\/wp-content\\\/uploads\\\/2021\\\/11\\\/Origin-Marine-Logo-1920-x-300-px-3.png\",\"width\":1920,\"height\":300,\"caption\":\"Origin Marine\"},\"image\":{\"@id\":\"https:\\\/\\\/origin-marine.com\\\/#\\\/schema\\\/logo\\\/image\\\/\"}}]}<\/script>\r\n<!-- \/ Yoast SEO plugin. -->","yoast_head_json":{"title":"Fusion - Origin Marine","robots":{"index":"index","follow":"follow","max-snippet":"max-snippet:-1","max-image-preview":"max-image-preview:large","max-video-preview":"max-video-preview:-1"},"canonical":"https:\/\/origin-marine.com\/index.php\/fusion","og_locale":"es_ES","og_type":"article","og_title":"Fusion - Origin Marine","og_description":"Distribuidor oficial de FUSION FUSION es la marca de audio en la que conf\u00edan los constructores de barcos m\u00e1s prestigiosos del sector y que cuenta con el apoyo de los principales fabricantes de electr\u00f3nica marina del mundo. La tecnolog\u00eda de FUSION est\u00e1 adaptada a las situaciones mar\u00edtimas. No se arrepentir\u00e1 de haber adquirido su equipo. &hellip;","og_url":"https:\/\/origin-marine.com\/index.php\/fusion","og_site_name":"Origin Marine","article_modified_time":"2021-12-25T16:49:14+00:00","og_image":[{"url":"http:\/\/origin-marine.com\/wordpress\/wp-content\/uploads\/2021\/09\/10.png","type":"","width":"","height":""}],"twitter_card":"summary_large_image","schema":{"@context":"https:\/\/schema.org","@graph":[{"@type":"WebPage","@id":"https:\/\/origin-marine.com\/index.php\/fusion","url":"https:\/\/origin-marine.com\/index.php\/fusion","name":"Fusion - Origin Marine","isPartOf":{"@id":"https:\/\/origin-marine.com\/#website"},"primaryImageOfPage":{"@id":"https:\/\/origin-marine.com\/index.php\/fusion#primaryimage"},"image":{"@id":"https:\/\/origin-marine.com\/index.php\/fusion#primaryimage"},"thumbnailUrl":"http:\/\/origin-marine.com\/wordpress\/wp-content\/uploads\/2021\/09\/10.png","datePublished":"2021-12-13T10:10:59+00:00","dateModified":"2021-12-25T16:49:14+00:00","breadcrumb":{"@id":"https:\/\/origin-marine.com\/index.php\/fusion#breadcrumb"},"inLanguage":"es","potentialAction":[{"@type":"ReadAction","target":["https:\/\/origin-marine.com\/index.php\/fusion"]}]},{"@type":"ImageObject","inLanguage":"es","@id":"https:\/\/origin-marine.com\/index.php\/fusion#primaryimage","url":"http:\/\/origin-marine.com\/wordpress\/wp-content\/uploads\/2021\/09\/10.png","contentUrl":"http:\/\/origin-marine.com\/wordpress\/wp-content\/uploads\/2021\/09\/10.png"},{"@type":"BreadcrumbList","@id":"https:\/\/origin-marine.com\/index.php\/fusion#breadcrumb","itemListElement":[{"@type":"ListItem","position":1,"name":"Portada","item":"https:\/\/origin-marine.com\/"},{"@type":"ListItem","position":2,"name":"Fusion"}]},{"@type":"WebSite","@id":"https:\/\/origin-marine.com\/#website","url":"https:\/\/origin-marine.com\/","name":"Origin Marine","description":"Tienda de suministros marinos","publisher":{"@id":"https:\/\/origin-marine.com\/#organization"},"potentialAction":[{"@type":"SearchAction","target":{"@type":"EntryPoint","urlTemplate":"https:\/\/origin-marine.com\/?s={search_term_string}"},"query-input":{"@type":"PropertyValueSpecification","valueRequired":true,"valueName":"search_term_string"}}],"inLanguage":"es"},{"@type":"Organization","@id":"https:\/\/origin-marine.com\/#organization","name":"Origin Marine","url":"https:\/\/origin-marine.com\/","logo":{"@type":"ImageObject","inLanguage":"es","@id":"https:\/\/origin-marine.com\/#\/schema\/logo\/image\/","url":"https:\/\/origin-marine.com\/wp-content\/uploads\/2021\/11\/Origin-Marine-Logo-1920-x-300-px-3.png","contentUrl":"https:\/\/origin-marine.com\/wp-content\/uploads\/2021\/11\/Origin-Marine-Logo-1920-x-300-px-3.png","width":1920,"height":300,"caption":"Origin Marine"},"image":{"@id":"https:\/\/origin-marine.com\/#\/schema\/logo\/image\/"}}]}},"_links":{"self":[{"href":"https:\/\/origin-marine.com\/index.php\/wp-json\/wp\/v2\/pages\/3071","targetHints":{"allow":["GET"]}}],"collection":[{"href":"https:\/\/origin-marine.com\/index.php\/wp-json\/wp\/v2\/pages"}],"about":[{"href":"https:\/\/origin-marine.com\/index.php\/wp-json\/wp\/v2\/types\/page"}],"author":[{"embeddable":true,"href":"https:\/\/origin-marine.com\/index.php\/wp-json\/wp\/v2\/users\/2"}],"replies":[{"embeddable":true,"href":"https:\/\/origin-marine.com\/index.php\/wp-json\/wp\/v2\/comments?post=3071"}],"version-history":[{"count":19,"href":"https:\/\/origin-marine.com\/index.php\/wp-json\/wp\/v2\/pages\/3071\/revisions"}],"predecessor-version":[{"id":5016,"href":"https:\/\/origin-marine.com\/index.php\/wp-json\/wp\/v2\/pages\/3071\/revisions\/5016"}],"wp:attachment":[{"href":"https:\/\/origin-marine.com\/index.php\/wp-json\/wp\/v2\/media?parent=3071"}],"curies":[{"name":"wp","href":"https:\/\/api.w.org\/{rel}","templated":true}]}}